ase 16.
21682
Convert -14a613a (base 11) to base 7.
-30563442
Convert -32c3a (base 13) to base 5.
-10422104
Convert 102021212200 (base 3) to base 7.
1613655
What is -71a239 (base 16) in base 4?
-130122020321
Convert -14706645 (base 8) to base 15.
-46b0ec
What is -230132022 (base 4) in base 7?
-1356030
What is -1cbc0 (base 16) in base 14?
-30c6c
162434b (base 15) to base 16
f517a3
30011124 (base 5) to base 14
619b6
Convert 111110010001001100 (base 2) to base 4.
332101030
What is a54653 (base 12) in base 15?
3654c9
What is 1235466 (base 10) in base 16?
12da0a
Convert -2076652 (base 11) to base 13.
-9ac470
Convert 61837 (base 12) to base 11.
87743
What is 147550 (base 8) in base 13?
1b224
6bc17 (base 14) to base 15
52e1d
Convert 1b2c4 (base 13) to base 9.
81010
Convert 2436b (base 13) to base 16.
103ca
Convert 7776732 (base 10) to base 7.
123046455
-1405134 (base 6) to base 16
-13432
Convert 11333606 (base 9) to base 5.
2402421134
What is 74217 (base 14) in base 5?
32432201
-b2616 (base 14) to base 16
-68ccc
Convert 3f4bf (base 16) to base 8.
772277
What is b84486 (base 12) in base 8?
13064646
What is -561246 (base 15) in base 12?
-145b370
What is 3425112 (base 6) in base 7?
1325405
-1314397 (base 11) to base 6
-120433032
What is 1bf3c (base 16) in base 7?
654540
Convert 5715979 (base 11) to base 14.
148714d
What is 303032023 (base 4) in base 5?
23203203
What is -506e0 (base 16) in base 3?
-121201220111
-11067337 (base 10) to base 7
-163033201
What is 4333322 (base 6) in base 14?
582d4
-48820 (base 16) to base 11
-193153
What is -120223301212 (base 4) in base 9?
-13152181
-e28d (base 16) to base 3
-2221120001
Convert -d15a59 (base 14) to base 6.
-411003503
What is -200210112002 (base 3) in base 7?
-3100445
What is 105cde (base 15) in base 13?
213854
Convert 23041136 (base 7) to base 5.
1003310211
Convert -20233402 (base 8) to base 2.
-10000010011011100000010
1102122112100 (base 3) to base 6
24145530
1112033 (base 6) to base 16
db75
Convert -4165553 (base 8) to base 12.
-455837
What is 1746a3 (base 13) in base 15?
b72da
Convert 10101011110010101 (base 2) to base 10.
87957
What is 59131 (base 15) in base 8?
1052173
Convert 43849a0 (base 11) to base 16.
7562f8
What is 95875 (base 11) in base 6?
2553414
1c8a88 (base 15) to base 14
284ba5
765c64 (base 14) to base 16
3d35a0
a15596 (base 11) to base 9
3057346
Convert -80225b (base 12) to base 13.
-54aa7b
What is -201ac4 (base 14) in base 7?
-12120134
What is 23033223030 (base 4) in base 5?
1223312123
What is 285326 (base 12) in base 9?
1234633
Convert 3779947 (base 11) to base 12.
2242b26
What is 12414024 (base 7) in base 4?
10103312010
Convert -34d4d (base 15) to base 3.
-22112222001
What is 303130003 (base 5) in base 11?
766473
-1668695 (base 12) to base 4
-101213133101
-20cc4 (base 16) to base 5
-13244330
What is 10001101010000000 (base 2) in base 6?
1314452
Convert -333342144 (base 5) to base 3.
-2202110000100
-b4642b (base 16) to base 11
-6745155
341231103 (base 6) to base 4
113233300233
-70d9f0 (base 16) to base 12
-2587ba8
What is -21361052 (base 8) in base 4?
-101132020222
-a0428 (base 12) to base 8
-626140
Convert b4d9a (base 16) to base 5.
142201022
Convert 26202363 (base 7) to base 10.
2387472
What is -142032 (base 5) in base 11?
-4477
-c523a5 (base 16) to base 15
-12030e7
6d375 (base 15) to base 2
1010101000011111010
Convert 7635734 (base 8) to base 11.
1178995
What is -321023010 (base 4) in base 10?
-234180
b9c90c (base 14) to base 16
6013c0
Convert -87a926 (base 11) to base 5.
-324432242
10000200 (base 4) to base 8
40040
What is 43045 (base 9) in base 12?
14588
What is c4845 (base 14) in base 8?
1634775
What is -237714 (base 8) in base 2?
-10011111111001100
Convert -89722 (base 10) to base 15.
-1b8b7
-532421 (base 8) to base 10
-177425
What is -d843a (base 14) in base 5?
-113202241
What is 2010102102 (base 3) in base 2?
1010001110000101
Convert -c9afc3 (base 16) to base 7.
-220230442
Convert b16c (base 14) to base 8.
73414
What is -102dea (base 15) in base 16?
-bbcf6
-37798 (base 10) to base 3
-1220211221
What is 468c55 (base 13) in base 4?
12121032310
What is -244a51 (base 11) in base 14?
-a11b2
What is -6245223 (base 8) in base 4?
-12110222103
Convert 116469 (base 10) to base 11.
7a561
Convert 12408 (base 11) to base 10.
17795
Convert 10234137 (base 8) to base 13.
5b2c49
-234a0 (base 11) to base 15
-a07e
Convert 5427a6 (base 11) to base 4.
3103301310
Convert 343ac6 (base 16) to base 9.
6386322
Convert -15662512 (base 8) to base 15.
-4baa25
What is 57be16 (base 15) in base 2?
1111111111010100111010
Convert -1641ec (base 15) to base 12.
-43b380
Convert -462e6 (base 15) to base 12.
-a9360
Convert a7579 (base 16) to base 11.
428a81
-4304554 (base 6) to base 15
-427da
1112011210111 (base 3) to base 4
3011320003
223200333 (base 4) to base 12
87193
-3443311143 (base 5) to base 3
-112122211211020
111010011100111111101110 (base 2) to base 11
8716538
Convert -20333204 (base 5) to base 2.
-101000111111111001
Convert 628496 (base 11) to base 4.
3311303221
What is -21136 (base 12) in base 13?
-16995
Convert 110011100100110110101 (base 2) to base 15.
235b42
Convert -67284 (base 11) to base 8.
-276331
What is 2234214401 (base 5) in base 2?
10011000010101101101011
1241114 (base 5) to base 6
305330
Convert -101111002220 (base 3) to base 12.
-9b529
Convert -443561 (base 7) to base 15.
-1824e
What is 2033001 (base 7) in base 4?
323131023
Convert 407b3 (base 15) to base 2.
110001110111010011
What is -40d4a9 (base 16) in base 13?
-b59b67
Convert 316063 (base 9) to base 13.
67833
Convert -107c3 (base 16) to base 4.
-100133003
What is -96b670 (base 12) in base 11?
-1389036
What is 12c1b6 (base 16) in base 14?
23dd8a
660e4 (base 16) to base 8
1460344
-417a70 (base 11) to base 6
-22203145
Convert 38a816 (base 11) to base 12.
2577a8
-10101100200 (base 3) to base 14
-1a3b2
Convert -268368 (base 10) to base 15.
-547b3
Convert -28845 (base 12) to base 13.
-1c943
Convert -2202210202121 (base 3) to base 7.
-15341506
Convert -112dd3 (base 15) to base 9.
-1478580
13c0083 (base 14) to base 13
1cb3611
What is 11334c (base 15) in base 4?
3020122020
What is -367d05 (base 14) in base 13?
-5042a8
What is 3448682 (base 10) in base 14?
65ab46
Convert -31241177 (base 8) to base 15.
-8b1409
What is -418463 (base 9) in base 4?
-330302022
What is -2312300222 (base 4) in base 10?
-748586
Convert 31311021220 (base 4) to base 6.
205413024
What is -113e26 (base 15) in base 8?
-3110017
Convert 24355214 (base 7) to base 13.
5b51ac
Convert -bbb4 (base 14) to base 2.
-111111011110010
Convert -834741 (base 9) to base 3.
-221011211101
-11011010101001011110 (base 2) to base 7
-10420012
e313a (base 15) to base 10
719155
What is 2011122220202 (base 3) in base 13?
315752
What is -310000103 (base 4) in base 7?
-1545011
Convert 615165 (base 7) to base 3.
12100002220
-310fc (base 16) to base 10
-200956
-1442330122 (base 5) to base 11
-22040a4
-51906 (base 11) to base 6
-1342051
What is 211022221112 (base 3) in base 14?
b6283
Convert 20022211210 (base 3) to base 14.
33561
What is 514929 (base 10) in base 5?
112434204
-12103127 (base 8) to base 4
-22020121113
What is 12014444 (base 5) in base 13?
3b477
-22122220001 (base 3) to base 2
-101001101000001010
Convert -161ba0 (base 13) to base 9.
-1023115
-11100111100101100011100 (base 2) to base 5
-3420314021
4300058 (base 9) to base 4
20302033310
-946584 (base 10) to base 13
-271b12
437c01 (base 14) to base 2
1000101110100111101001
-15471567 (base 8) to base 13
-97c353
Convert -4b2539 (base 16) to base 10.
-4924729
What is -a12a7 (base 14) in base 12?
-16826b
Convert 65839 (base 13) to base 5.
21340001
1669447 (base 10) to base 4
12113211013
Convert 121210122202 (base 3) to base 12.
13b478
What is 30c7ce (base 15) in base 11?
134538a
Convert -524416 (base 7) to base 3.
-11121000211
233610 (base 9) to base 14
39291
What is -11001110000111011110 (base 2) in base 7?
-10114245
What is 4628 (base 15) in base 7?
61256
Convert -40232530 (base 6) to base 7.
-12455034
Convert -2030c (base 14) to base 8.
-227170
What is b9a0a (base 13) in base 14?
8a468
What is -8f9c47 (base 16) in base 6?
-533420251
What is -445b96 (base 13) in base 2?
-110001001101001011111
What is 1220444442 (base 6) in base 15?
13733d2
-42